z be (-2)/2 - -2 - -1. Suppose 14 = z*i + 4. Let k(l) = l - 10. Determine k(i).
-5
Suppose 3*a = -4 - 5. Let r(k) be the first derivative of -4*k**2 + 3*k - 3. Let l(s) = -4*s + 2. Let j(n) = 7*l(n) - 4*r(n). Give j(a).
-10
Let j(v) = -v**3 + 1. Let h(f) = -6*f**3 + 9*f**2 - f + 13. Let r(u) = h(u) - 5*j(u). Determine r(9).
-1
Let b(v) = 2*v**3 + 6*v - 4*v + 4*v**2 + v. Let l(w) = -2 - w**2 + 3 - w + 0*w - w. Let k be l(-3). Determine b(k).
-6
Let p(s) = -s**2 - 5*s - 2. Let k be (8/(-6))/(2/(-6)). Suppose -8 = k*b + w, -b + 2 = b + 2*w. What is p(b)?
4
Let d(o) be the second derivative of -o**4/6 - o**3 - 14*o. Let j(z) = 3*z**3 - 2*z**2 + 1. Let r be j(-1). What is d(r)?
-8
Let p(o) = -3*o**3 - 8*o**2 - 3*o + 3. Suppose -10*n - 20 = -5*n. Let m(i) = -2*i**3 - 7*i**2 - 4*i + 2. Let r(f) = n*m(f) + 3*p(f). Give r(5).
11
Suppose 4*y - 2*y - 14 = 0. Let k(c) = 12*c + 32. Let x(n) = -8*n - 21. Let j(u) = 5*k(u) + 8*x(u). Let t(b) = -3*b - 7. Let a(v) = y*t(v) - 6*j(v). Give a(-1).
-4
Let h(r) = r**3 - 3*r**2 - 4. Let g(i) = -i**2 + 8*i - 3. Let y be g(7). Suppose -y*j + j = -9. What is h(j)?
-4
Suppose -5*i + 2*y + 55 = 0, -5*i = -y + 3*y - 35. Let t(f) = f**2 - 10*f - 1. Determine t(i).
-10
Let g(d) = 35 - 10 + 2*d - 18 - 9. Calculate g(-2).
-6
Suppose -2*l + h = -2 + 10, -34 = 5*l + h. Let n(d) = d. Give n(l).
-6
Suppose 8*u = 6*u + 8. Let i(l) = -l**3 + 3*l**2 + 3*l + 2. What is i(u)?
-2
Suppose 0 = 4*v - 20, -v + 13 = 2*z - 0*v. Suppose -3 = -i - z. Let h(p) = 3*p - 1. Determine h(i).
-4
Let b = 39 + -28. Let j = -15 + b. Let c(s) = s + 5. Determine c(j).
1
Let y(m) = -10*m + 2 - m**2 + m + 6*m. Give y(-4).
-2
Let o(y) = -y**2 + 13*y + 20. Let x be o(14). Let w be (2/4)/(x/12). Let c(r) = -3*r**2 - r + 1. Give c(w).
-3
Let d(i) be the second derivative of i**3/3 + 2*i**2 - 2*i. Let z be d(0). Let u(m) = -m**3 + 5*m**2 - 4*m + 6. Determine u(z).
6
Let j(v) = -v**2 + v + 5. Suppose 0*w - 2*w + 2 = 3*k, 0 = -k - 5*w - 21. Let z be (25/(-20))/((-1)/k). Let d be z/(-20) + 34/8. Calculate j(d).
-7
Let k(f) = -f**3 + 3*f**2 + 18*f + 4. Let c be k(6). Let y(z) be the third derivative of 1/12*z**c + 1/6*z**3 + 3*z**2 + 0*z + 0. Give y(-2).
-3
Let u(r) be the first derivative of -7*r**2/2 + r - 20. Determine u(-2).
15
Let r(d) = d + 1. Suppose -3*q = 5*k + 15, -3*k - 2*q = 2 + 6. What is r(k)?
-5
Let a(x) = x**3 - 2*x**2 - 2*x. Let c be (-28)/(-16) + 2/8. Suppose 0 = p - c*p + 15. Suppose 0*o + o = 2*w - 6, 0 = -5*w + 3*o + p. Give a(w).
3
Let g(o) = 1 + 7 - 2 + 3*o - 5*o. Let j be g(5). Let d(u) = u**3 + 5*u**2 + 5*u - 2. Calculate d(j).
-6
Let z(u) = -2*u - 2. Let q = -88 - -90. Give z(q).
-6
Let l(g) = 2*g - 3. Let h be -2 - ((1 - 3) + 1). Let t(m) = -m - 1. Let d(f) = h*l(f) - 3*t(f). Suppose 2*r + 3*r = -25. What is d(r)?
1
Let s(p) = -2*p**2 - 4*p - 1. Let n(l) = l**3 - 10*l**2 - l + 6. Let d be n(10). Give s(d).
-17
Let j(p) be the second derivative of p**3/6 - 3*p**2 - 13*p. Give j(6).
0
Let o(d) = -d**2 + 10*d + 2. Suppose 8 = -5*q + 43. What is o(q)?
23
Let c(v) be the first derivative of 5*v**3/3 - v**2/2 + 5. What is c(-1)?
6
Let b(d) = 88 - d - 43 - 38. Determine b(8).
-1
Let w(i) = -i**3 + 6*i**2 - i - 8. Let h(b) = -b**3 - 8*b**2 + 6*b - 21. Let p be h(-9). Calculate w(p).
-14
Let q be 4/16 + 82/(-8). Let l(m) = -m**3 - 9*m**2 + 10*m + 1. What is l(q)?
1
Let h(d) = -4*d + 1. Let t = 5 - 1. Suppose 2 = -2*m - t*b, -4*m - 4 = -0*m + b. Calculate h(m).
5
Let r(f) = f**3 + 3*f**2 + 4*f + 2. Suppose -9 = 4*u + 3*s, 0 = -0*u - 2*u - s - 5. Determine r(u).
-10
Let d = 132 + -121. Let z(i) = -i + 16. Give z(d).
5
Let m = 39 + -15. Suppose -8 = -4*r - a + 13, 4*a - m = -4*r. Let s(g) = g + 3*g + 2*g**3 - g**3 + 0*g - r*g**2. Determine s(4).
0
Suppose -a + 2*n = n - 6, 4*a + 5*n = 6. Let t(l) = 21*l - 20. Let o(s) = 4*s - 4. Let i(k) = 11*o(k) - 2*t(k). What is i(a)?
4
Let k(d) = d**2 - 5*d + 5. Let i be k(5). Let f(b) = b**3 - 5*b**2 + b - 3. Give f(i).
2
Let y be 2 - 9*3/9. Let f(q) = 2*q**2 + 1. What is f(y)?
3
Let l(s) be the third derivative of -s**5/60 + s**4/8 + 4*s**3/3 - 15*s**2 - 2*s. What is l(5)?
-2
Suppose -2*s = 3*a + 6, 2*a + 28 = -5*s + a. Let u(h) = h**2 + 3*h - 5. Give u(s).
13
Let r(w) = -w + 0*w + 2185 - 2175. What is r(6)?
4
Let z(o) be the second derivative of -o**4/12 - o**2/2 - o. Let v = -1 - -2. Let j(i) = -2*i**2 - 6*i + 2. Let h(t) = v*j(t) - 3*z(t). Calculate h(6).
5
Let u(h) = -3 - h + 2 + 11*h**3 - h**3 - h**2. What is u(-1)?
-11
Let s be -3*6/(-9) + -1. Let f(x) = 7*x + 4. Let n(q) = -6*q - 3. Let u(l) = 3*f(l) + 4*n(l). Determine u(s).
-3
Let u = 1 + -6. Let t(i) be the third derivative of i**4/24 + 3*i**3/2 + 10*i**2. What is t(u)?
4
Let g(j) = j**2 + 7*j + 5. Let v(l) = -13*l - 50. Let c(s) = 9*s + 33. Let t(o) = -7*c(o) - 5*v(o). Let m be t(-13). Determine g(m).
5
Let p(i) be the first derivative of i**3/3 + 5*i**2/2 + 4*i + 1. Let u(c) = c**2 - 4*c + 1. Let n be u(2). What is p(n)?
-2
Let p(l) = 3*l**2 - 3*l + 3. Let q(k) = -k**2 + k - 1. Let m(v) = -p(v) - 5*q(v). Let c(i) = 2*i + 2. Let x be c(5). Let n be ((-6)/4)/((-9)/x). What is m(n)?
6
Suppose -2*k + k + 29 = -3*l, k - 2 = 0. Let g be (-6)/l + 10/3. Let v(o) = 5*o. Let y(x) = -4*x. Let h(a) = g*y(a) + 3*v(a). Determine h(0).
0
Let u(s) = -s**2 - 4*s + 3. Let v(i) = -i**2 + 15*i - 18. Let x be v(14). Determine u(x).
3
Let l(f) = -2*f**3 - 4*f**2 - 2*f. Let h be l(-2). Suppose 0 = -h*t + 6 - 26. Let b = 4 + t. Let y(n) = 6*n**3 + n**2 - 1. Determine y(b).
-6
Let l(q) = q + 9. Let v be l(-9). Suppose v*s + 18 = -3*s. Let c(w) = -2*w - 5. Let n(d) = -1. Let j(b) = c(b) + 4*n(b). What is j(s)?
3
Suppose 0 = -2*b - 0*b. Let c = 2 - b. Suppose 0 = 3*l - c*l - 5. Let z(m) = m**2 - 3*m - 4. Calculate z(l).
6
Let n be (0 + 15/(-3))/(-1). Let x = -3 + n. Let l(s) = 1 + s**2 + s - 3*s**x + 0*s**2. Give l(-1).
-2
Let x(k) = 2*k - 7. Suppose -3*s - u = -6*u + 6, -5*s + 12 = -u. Let z(y) = y**2 - 4*y - 1. Let p be z(s). Let w = p - -9. Determine x(w).
3
Let w(j) = -22 - 31 - 4*j + 56. Give w(2).
-5
Let l(s) = 18*s**2 + 1. Let a be l(-1). Suppose -3*h = n + a, 2*h + 4 = n - 2. Let g(o) = o**3 + 4*o**2 + 3. What is g(n)?
3
Let i(f) = f + 10. Let m(z) = -2*z - 22. Let c(r) = -9*i(r) - 4*m(r). Let x = 4 - 0. Calculate c(x).
-6
Let a(g) = -g**2 - 6*g - 4. Let v = -10 + 12. Suppose j + 8 = z, -4*j + v*z = 3*z + 22. What is a(j)?
-4
Suppose 4*h + 9 - 1 = 3*n, 2*h + 10 = 0. Let a(x) = -x**3 - 3*x**2 + 4*x + 5. What is a(n)?
5
Let q(t) = 12*t - 1. Suppose -i + 3*b = -3*i + 14, -i = 2*b - 9. Give q(i).
11
Suppose 2*b - 1 = -i + 3*b, -6 = -4*i + 5*b. Let x = 5 + -3. Let r(k) = k**3 + k**2 - 1 - 2*k**2 - x*k**3. Calculate r(i).
-1
Let h(a) = -6 - 10 + 3*a + 15. Determine h(1).
2
Let l(k) be the third derivative of k**4/24 - k**3/2 - 6*k**2. What is l(4)?
1
Let q(t) be the third derivative of 1/12*t**4 + 0*t + 0 + 4*t**2 + 5/6*t**3. What is q(-6)?
-7
Let h(a) = -13*a - 19. Let l(g) = -7*g - 10. Let d(t) = -6*h(t) + 11*l(t). Determine d(-5).
-1
Let j(b) be the first derivative of 1/3*b**3 - 2*b**2 - 1/12*b**4 - b - 3. Let m(k) be the first derivative of j(k). Give m(3).
-7
Let k = 10 + -10. Let z(w) be the first derivative of -w**6/360 - w**5/120 - 7*w**4/24 + w**3/3 - 2. Let a(j) be the third derivative of z(j). Calculate a(k).
-7
Let w(i) = 7*i**2 + 1. Suppose -2*u = z - 3*u - 5, z + 2*u + 10 = 0. Suppose z = -o + 1 - 2. What is w(o)?
8
Let a(r) = -r - 2. Let b be a(3). Let d(w) = 5*w - 9 + 4 - w**2 + 2*w**2. Determine d(b).
-5
Let d(p) = -13*p + 3. Let f(g) = 7*g + 3. Let u(n) = 15*n + 7. Let j(y) = 9*f(y) - 4*u(y). Let s(z) = -2*d(z) - 9*j(z). Calculate s(3).
0
Let b(j) = 9*j**2 - j - 8*j**2 + 15*j**2. Determine b(1).
15
Let p be (-16)/(-12) + 12/(-9). Let j(d) = -d**3 + d - 3. Give j(p).
-3
Let v(c) = -2*c**3 + c**2 - 1. Let g = -88 + 87. Determine v(g).
2
Suppose 2*x - 3*a = x + 6, 2*x + 3*a = -15. Let j(f) = f**2 - 2. Let n(r) = -2*r**2 + 4. Let b(l) = 13*j(l) + 6*n(l). Give b(x).
7
Let s(x) be the third derivative of -x**4/24 - x**2. Suppose 3 = h - 1. Let t = h + -5. Calculate s(t).
1
Let k(i) = -2*i - 3. Let p(w) = 0*w + w + 0*w + 1. Suppose 4*b - 15 = 3*z, -1 = b + z + 3*z. Let t(g) = b*p(g) + k(g). Calculate t(-5).
-5
Suppose 3*y = -27 + 6. Let n(j) be the second de